{"id":1377,"date":"2026-03-30T13:09:16","date_gmt":"2026-03-30T13:09:16","guid":{"rendered":"https:\/\/2026.businesscenterbologna.com\/?page_id=1377"},"modified":"2026-05-07T12:37:34","modified_gmt":"2026-05-07T12:37:34","slug":"uffici","status":"publish","type":"page","link":"https:\/\/2026.businesscenterbologna.com\/index.php\/servizi\/uffici\/","title":{"rendered":"Uffici"},"content":{"rendered":"<div class=\"wpb-content-wrapper\"><p>[vc_row][vc_column width=&#8221;1\/2&#8243;][ct_heading text=&#8221;Uffici arredati completi di tutti i servizi&#8221; font_size=&#8221;40&#8243; font_size_md=&#8221;40&#8243; font_size_sm=&#8221;36&#8243; font_size_xs=&#8221;30&#8243; line_height=&#8221;50&#8243; line_height_md=&#8221;50&#8243; line_height_sm=&#8221;45&#8243; line_height_xs=&#8221;38&#8243; font_weight=&#8221;&#8221; text_color=&#8221;#0F2A44&#8243; subtitle=&#8221;Servizi&#8221; subtitle_color=&#8221;#1FA3D8&#8243; description_font_weight=&#8221;inherit&#8221;][vc_column_text css=&#8221;&#8221;]<\/p>\n<p style=\"font-size: 17px;\">Il<strong> Business Center Bologna<\/strong> si trova a pochi minuti dal centro citt\u00e0, tra le statali Via Emilia e San Vitale, nelle immediate vicinanze dei 2 caselli autostradali di San Lazzaro di Savena e Castel San Pietro Terme.<\/p>\n<p style=\"font-size: 17px;\">Il <strong>Business Center Bologna<\/strong> \u00e8 uno spazio business virtuoso in un contesto di prestigio, dove \u00e8 possibile ampliare la propria proposta grazie allo sfruttamento delle opportunit\u00e0 messe a disposizione dalla struttura molto dinamica e ricettiva.<\/p>\n<p style=\"font-size: 17px;\">Riservare il tuo <strong>ufficio arredato<\/strong> \u00e8 un po\u2019 affittare casa: la posizione, l\u2019esposizione solare, gli arredi, i vicini, i servizi a portata di mano, le sensazioni che offre e, infine, il costo.\u00a0Il <strong>Business Center Bologna<\/strong> cerca quotidianamente di ricreare l\u2019ambiente ideale, confortevole e professionale, pulito e organizzato, spazi riservati o condivisi finemente arredati e personalizzabili per sentirti ogni giorno come a casa tua.<\/p>\n<p style=\"font-size: 17px;\">\u201cVicini al centro, lontani dallo stress\u201d<\/p>\n<p>[\/vc_column_text][ct_space space_lg=&#8221;139&#8243; space_md=&#8221;139&#8243; space_xs=&#8221;65&#8243;][\/vc_column][vc_column width=&#8221;1\/2&#8243;][ct_space space_lg=&#8221;139&#8243; space_md=&#8221;139&#8243; space_xs=&#8221;65&#8243;][vc_single_image image=&#8221;1372&#8243; img_size=&#8221;1200&#215;1200&#8243; css=&#8221;&#8221; style=&#8221;border-shadow hover-scale&#8221;][\/vc_column][\/vc_row][vc_row full_width=&#8221;stretch_row&#8221; parallax=&#8221;content-moving&#8221; parallax_image=&#8221;1522&#8243; parallax_speed_bg=&#8221;1.8&#8243;][vc_column width=&#8221;1\/2&#8243;][ct_heading text=&#8221;Tipologie di ufficio&#8221; font_size=&#8221;40&#8243; font_size_md=&#8221;40&#8243; font_size_sm=&#8221;36&#8243; font_size_xs=&#8221;30&#8243; line_height=&#8221;50&#8243; line_height_md=&#8221;50&#8243; line_height_sm=&#8221;45&#8243; line_height_xs=&#8221;38&#8243; font_weight=&#8221;&#8221; text_color=&#8221;#FFFFFF&#8221; description_font_weight=&#8221;inherit&#8221;][ct_fancybox cms_template=&#8221;ct_fancybox&#8211;layout2.php&#8221; title_color=&#8221;#FFFFFF&#8221; description_color=&#8221;#FFFFFF&#8221; icon_type=&#8221;image&#8221; icon_image=&#8221;1388&#8243; btn_link=&#8221;url:https%3A%2F%2F2026.businesscenterbologna.com%2Findex.php%2Fprenotazioni%2F|title:Prenotazioni|target:_blank&#8221; title=&#8221;Cowo 8 m\u00b2&#8221; description=&#8221;Uffici operativi con una postazione, dotati di scrivania e poltrona girevole.<\/p>\n<p>CLICCA SUL + PER PRENOTARE&#8221;][ct_fancybox cms_template=&#8221;ct_fancybox&#8211;layout2.php&#8221; title_color=&#8221;#FFFFFF&#8221; description_color=&#8221;#FFFFFF&#8221; icon_type=&#8221;image&#8221; icon_image=&#8221;1372&#8243; btn_link=&#8221;url:https%3A%2F%2F2026.businesscenterbologna.com%2Findex.php%2Fprenotazioni%2F|title:Prenotazioni|target:_blank&#8221; title=&#8221;Rappresentanza fino a 25 m\u00b2&#8221; description=&#8221;Uffici direzionali dotati di ampia scrivania, poltrone interlocutore, area relax e arredo personalizzabile.<\/p>\n<p>CLICCA SUL + PER PRENOTARE&#8221;][ct_space space_lg=&#8221;139&#8243; space_md=&#8221;139&#8243; space_xs=&#8221;65&#8243;][\/vc_column][vc_column width=&#8221;1\/2&#8243;][ct_space space_lg=&#8221;139&#8243; space_md=&#8221;139&#8243; space_xs=&#8221;65&#8243;][ct_fancybox cms_template=&#8221;ct_fancybox&#8211;layout2.php&#8221; title_color=&#8221;#FFFFFF&#8221; description_color=&#8221;#FFFFFF&#8221; icon_type=&#8221;image&#8221; icon_image=&#8221;1392&#8243; btn_link=&#8221;url:https%3A%2F%2F2026.businesscenterbologna.com%2Findex.php%2Fprenotazioni%2F|title:Prenotazioni|target:_blank&#8221; title=&#8221;Standard 20 m\u00b2&#8221; description=&#8221;Uffici operativi per uno o pi\u00f9 operatori, dotati di scrivania, poltrona girevole, cassettiera e pareti attrezzate<\/p>\n<p>CLICCA SUL + PER PRENOTARE&#8221;][ct_fancybox cms_template=&#8221;ct_fancybox&#8211;layout2.php&#8221; title_color=&#8221;#FFFFFF&#8221; description_color=&#8221;#FFFFFF&#8221; icon_type=&#8221;image&#8221; icon_image=&#8221;1393&#8243; btn_link=&#8221;url:https%3A%2F%2F2026.businesscenterbologna.com%2Findex.php%2Fprenotazioni%2F|title:Prenotazioni&#8221; title=&#8221;Direzionale 50 m\u00b2, con sala riunioni privata&#8221; description=&#8221;Uffici di rappresentanza, di ampia metratura e in grado di ospitare ampia zona relax e sala riunioni privata oltra a doppia postazione pc<\/p>\n<p>CLICCA SUL + PER PRENOTARE&#8221;][\/vc_column][\/vc_row][vc_row full_width=&#8221;stretch_row&#8221; ct_row_class=&#8221;row-visible&#8221; bg_image_position=&#8221;bg-image-ps-bottom&#8221;][vc_column width=&#8221;1\/2&#8243;][ct_space space_lg=&#8221;139&#8243; space_md=&#8221;139&#8243; space_xs=&#8221;65&#8243;][ct_heading text=&#8221;Ambienti business a misura d&#8217;uomo&#8221; font_size=&#8221;40&#8243; font_size_md=&#8221;40&#8243; font_size_sm=&#8221;36&#8243; font_size_xs=&#8221;30&#8243; line_height=&#8221;50&#8243; line_height_md=&#8221;50&#8243; line_height_sm=&#8221;45&#8243; line_height_xs=&#8221;38&#8243; font_weight=&#8221;&#8221; text_color=&#8221;#0F2A44&#8243; subtitle=&#8221;Flessibilit\u00e0 la parola d&#8217;ordine&#8221; subtitle_color=&#8221;#1FA3D8&#8243; description_font_weight=&#8221;inherit&#8221;][vc_column_text css=&#8221;&#8221;]<\/p>\n<p style=\"font-size: 20px;\">Uffici finemente arredati e personalizzabili con dimensioni a partire da 12 m\u00b2, connettivit\u00e0, telefonia, riscaldamento, raffrescamento, luce, acqua e wi-fi free inclusi nel canone di locazione. Il cablaggio \u00e8 ad alta velocit\u00e0 con connessione crittografata garantiscono sicurezza e riservatezza.<\/p>\n<p>[\/vc_column_text][ct_space space_lg=&#8221;139&#8243; space_md=&#8221;139&#8243; space_xs=&#8221;65&#8243;][ct_space space_lg=&#8221;139&#8243; space_md=&#8221;139&#8243; space_xs=&#8221;65&#8243;][\/vc_column][vc_column width=&#8221;1\/2&#8243;][ct_space space_lg=&#8221;139&#8243; space_md=&#8221;139&#8243; space_xs=&#8221;65&#8243;][vc_single_image image=&#8221;1410&#8243; img_size=&#8221;large&#8221; css=&#8221;&#8221;][ct_space space_lg=&#8221;139&#8243; space_md=&#8221;139&#8243; space_xs=&#8221;65&#8243;][\/vc_column][\/vc_row][vc_row full_width=&#8221;stretch_row&#8221; parallax=&#8221;content-moving&#8221; parallax_image=&#8221;1522&#8243;][vc_column width=&#8221;1\/2&#8243;][ct_heading text=&#8221;Libert\u00e0 di crescere o di ottimizzare&#8221; align_lg=&#8221;align-center&#8221; align_md=&#8221;align-center-md&#8221; align_sm=&#8221;align-center-sm&#8221; align_xs=&#8221;align-center-xs&#8221; font_size=&#8221;40&#8243; font_size_md=&#8221;40&#8243; font_size_sm=&#8221;36&#8243; font_size_xs=&#8221;30&#8243; line_height=&#8221;50&#8243; line_height_md=&#8221;50&#8243; line_height_sm=&#8221;45&#8243; line_height_xs=&#8221;38&#8243; font_weight=&#8221;&#8221; text_color=&#8221;#FFFFFF&#8221; description_font_weight=&#8221;inherit&#8221;][vc_single_image image=&#8221;1418&#8243; img_size=&#8221;2048\u00d71365 pixel&#8221; css=&#8221;&#8221;][vc_column_text css=&#8221;&#8221;]<\/p>\n<p style=\"color: white;\">Gli arredi sono personalizzabili e gli spazi sono \u201csu misura\u201d proprio come un abito sartoriale.<br \/>\nPer il Business Center Bologna la tua libert\u00e0 \u00e8 un valore importante; pensiamo che non devi avere vincoli in un mondo che si muove cos\u00ec velocemente. Per questo motivo sei libero di dimensionare i tuoi spazi in tempo reale, secondo il mutare delle tue esigenze<\/p>\n<p>[\/vc_column_text][\/vc_column][vc_column width=&#8221;1\/2&#8243;][ct_heading text=&#8221;Uffici temporanei di prestigio&#8221; align_lg=&#8221;align-center&#8221; align_md=&#8221;align-center-md&#8221; align_sm=&#8221;align-center-sm&#8221; align_xs=&#8221;align-center-xs&#8221; font_size=&#8221;40&#8243; font_size_md=&#8221;40&#8243; font_size_sm=&#8221;36&#8243; font_size_xs=&#8221;30&#8243; line_height=&#8221;50&#8243; line_height_md=&#8221;50&#8243; line_height_sm=&#8221;45&#8243; line_height_xs=&#8221;38&#8243; font_weight=&#8221;&#8221; text_color=&#8221;#FFFFFF&#8221; description_font_weight=&#8221;inherit&#8221;][vc_single_image image=&#8221;1421&#8243; img_size=&#8221;2048\u00d71365 pixel&#8221; css=&#8221;&#8221;][vc_column_text css=&#8221;&#8221;]<\/p>\n<p style=\"color: white;\">Uffici temporanei, utilizzabili anche per poche ore, che includono le stesse dotazioni degli altri uffici, incluso il servizio reception e la fruizione degli spazi comuni.<\/p>\n<p>[\/vc_column_text][\/vc_column][\/vc_row][vc_row][vc_column width=&#8221;1\/2&#8243;][ct_space space_lg=&#8221;139&#8243; space_md=&#8221;139&#8243; space_xs=&#8221;65&#8243;][vc_single_image image=&#8221;1388&#8243; img_size=&#8221;2048&#215;1365 pixel&#8221; css=&#8221;&#8221;][\/vc_column][vc_column width=&#8221;1\/2&#8243;][ct_space space_lg=&#8221;139&#8243; space_md=&#8221;139&#8243; space_xs=&#8221;65&#8243;][ct_heading text=&#8221;Format alla portata di tutti, studiato per i pi\u00f9 esigenti&#8221; align_lg=&#8221;align-center&#8221; align_md=&#8221;align-center-md&#8221; align_sm=&#8221;align-center-sm&#8221; align_xs=&#8221;align-center-xs&#8221; font_size=&#8221;40&#8243; font_size_md=&#8221;40&#8243; font_size_sm=&#8221;36&#8243; font_size_xs=&#8221;30&#8243; line_height=&#8221;50&#8243; line_height_md=&#8221;50&#8243; line_height_sm=&#8221;45&#8243; line_height_xs=&#8221;38&#8243; font_weight=&#8221;&#8221; text_color=&#8221;#0F2A44&#8243; description_font_weight=&#8221;inherit&#8221;][vc_column_text css=&#8221;&#8221;]<\/p>\n<p style=\"font-size: 20px;\">L\u2019ampio parcheggio a disposizione e sempre disponibile anche per gli ospiti, la vista sulle colline dalle ampie vetrate delle sale meeting e dalla terrazza panoramica creano una condizione unica ed esaltano l\u2019immagine aziendale da offrire ai propri clienti.<\/p>\n<p>[\/vc_column_text][\/vc_column][\/vc_row]<\/p>\n<\/div>","protected":false},"excerpt":{"rendered":"<p>[vc_row][vc_column width=&#8221;1\/2&#8243;][ct_heading text=&#8221;Uffici arredati completi di tutti i servizi&#8221; font_size=&#8221;40&#8243; font_size_md=&#8221;40&#8243; font_size_sm=&#8221;36&#8243; font_size_xs=&#8221;30&#8243; line_height=&#8221;50&#8243; line_height_md=&#8221;50&#8243; line_height_sm=&#8221;45&#8243; line_height_xs=&#8221;38&#8243; font_weight=&#8221;&#8221; text_color=&#8221;#0F2A44&#8243; subtitle=&#8221;Servizi&#8221; subtitle_color=&#8221;#1FA3D8&#8243; description_font_weight=&#8221;inherit&#8221;][vc_column_text css=&#8221;&#8221;] Il Business Center Bologna si trova a pochi minuti dal centro citt\u00e0, tra le statali Via Emilia e San Vitale, nelle immediate vicinanze dei 2 caselli autostradali di San Lazzaro di Savena [&hellip;]<\/p>\n","protected":false},"author":1,"featured_media":0,"parent":35,"menu_order":1,"comment_status":"closed","ping_status":"closed","template":"","meta":{"footnotes":""},"class_list":["post-1377","page","type-page","status-publish","hentry"],"_links":{"self":[{"href":"https:\/\/2026.businesscenterbologna.com\/index.php\/wp-json\/wp\/v2\/pages\/1377","targetHints":{"allow":["GET"]}}],"collection":[{"href":"https:\/\/2026.businesscenterbologna.com\/index.php\/wp-json\/wp\/v2\/pages"}],"about":[{"href":"https:\/\/2026.businesscenterbologna.com\/index.php\/wp-json\/wp\/v2\/types\/page"}],"author":[{"embeddable":true,"href":"https:\/\/2026.businesscenterbologna.com\/index.php\/wp-json\/wp\/v2\/users\/1"}],"replies":[{"embeddable":true,"href":"https:\/\/2026.businesscenterbologna.com\/index.php\/wp-json\/wp\/v2\/comments?post=1377"}],"version-history":[{"count":45,"href":"https:\/\/2026.businesscenterbologna.com\/index.php\/wp-json\/wp\/v2\/pages\/1377\/revisions"}],"predecessor-version":[{"id":1664,"href":"https:\/\/2026.businesscenterbologna.com\/index.php\/wp-json\/wp\/v2\/pages\/1377\/revisions\/1664"}],"up":[{"embeddable":true,"href":"https:\/\/2026.businesscenterbologna.com\/index.php\/wp-json\/wp\/v2\/pages\/35"}],"wp:attachment":[{"href":"https:\/\/2026.businesscenterbologna.com\/index.php\/wp-json\/wp\/v2\/media?parent=1377"}],"curies":[{"name":"wp","href":"https:\/\/api.w.org\/{rel}","templated":true}]}}